{"id":6790,"date":"2021-01-26T13:25:59","date_gmt":"2021-01-26T12:25:59","guid":{"rendered":"https:\/\/liguria-e-bike.com\/posti-e-paesi-frontpage\/"},"modified":"2021-03-12T12:18:38","modified_gmt":"2021-03-12T11:18:38","slug":"posti-e-paesi-frontpage","status":"publish","type":"page","link":"https:\/\/liguria-e-bike.com\/de\/posti-e-paesi-frontpage\/","title":{"rendered":"Posti e paesi frontpage DE"},"content":{"rendered":"<p>[vc_row][vc_column][vc_separator color=&#8221;custom&#8221; border_width=&#8221;2&#8243; accent_color=&#8221;#ee3383&#8243;][vc_column_text]<\/p>\n<h1>ORTE UND D\u00d6RFER<\/h1>\n<p>[\/vc_column_text][vc_separator color=&#8221;custom&#8221; border_width=&#8221;2&#8243; accent_color=&#8221;#ee3383&#8243;][vc_single_image image=&#8221;6863&#8243; img_size=&#8221;full&#8221; alignment=&#8221;center&#8221; style=&#8221;vc_box_rounded&#8221; css_animation=&#8221;appear&#8221;][\/vc_column][\/vc_row][vc_row][vc_column width=&#8221;1\/4&#8243;][vc_separator color=&#8221;custom&#8221; border_width=&#8221;2&#8243; accent_color=&#8221;#ee3383&#8243;][vc_column_text]<\/p>\n<h1>VALLORIA<\/h1>\n<p>[\/vc_column_text][vc_separator color=&#8221;custom&#8221; border_width=&#8221;2&#8243; accent_color=&#8221;#ee3383&#8243;][vc_single_image image=&#8221;6831&#8243; img_size=&#8221;full&#8221; alignment=&#8221;center&#8221; style=&#8221;vc_box_rounded&#8221; onclick=&#8221;custom_link&#8221; css_animation=&#8221;appear&#8221; link=&#8221;\/de\/valloria\/&#8221;][vc_column_text]<\/p>\n<p style=\"text-align: justify;\"><span lang=\"IT\">Auf dem zentralen <strong>Dorfplatz von Valloria<\/strong> befindet sich eine <strong>sympathische, familiengef\u00fchrte Trattoria<\/strong>, die auch als <strong>Bar<\/strong> dient. Hier k\u00f6nnen sie zu <strong>fairen Preisen<\/strong> ausgezeichnete, <strong>typische Gerichte<\/strong> und <strong>spezielle Men\u00fcs<\/strong> f\u00fcr <strong>Mountainbiker<\/strong> probieren.<br \/>\n<\/span><\/p>\n<p>[\/vc_column_text][vc_single_image image=&#8221;6360&#8243; img_size=&#8221;full&#8221; alignment=&#8221;right&#8221; style=&#8221;vc_box_rounded&#8221; onclick=&#8221;custom_link&#8221; css_animation=&#8221;left-to-right&#8221; link=&#8221;\/de\/valloria\/&#8221;][\/vc_column][vc_column width=&#8221;1\/4&#8243;][vc_separator color=&#8221;custom&#8221; border_width=&#8221;2&#8243; accent_color=&#8221;#ee3383&#8243;][vc_column_text]<\/p>\n<h1>DOLCEDO<\/h1>\n<p>[\/vc_column_text][vc_separator color=&#8221;custom&#8221; border_width=&#8221;2&#8243; accent_color=&#8221;#ee3383&#8243;][vc_single_image image=&#8221;6942&#8243; img_size=&#8221;full&#8221; alignment=&#8221;center&#8221; style=&#8221;vc_box_rounded&#8221; onclick=&#8221;custom_link&#8221; css_animation=&#8221;appear&#8221; link=&#8221;\/de\/dolcedo\/&#8221;][vc_column_text]<\/p>\n<p style=\"text-align: justify;\"><span lang=\"IT\"><strong>Dolcedo<\/strong> ist ein <strong>mittelalterliches Dorf<\/strong>, das aus acht Ortsteilen und verschiedenen, an den H\u00fcgeln des <strong>Prinotals<\/strong> verstreuten Weilern besteht. Der <strong>Hauptort \u201cPiazza\u201d<\/strong> f\u00fcllt sich im Sommer mit quirligem Leben von Einheimischen und vielen internationalen Touristen, die ihren <strong>Urlaub in Ferienh\u00e4usern, Agriturismi und Bed &amp; Breakfast<\/strong> genie\u00dfen.<br \/>\n<\/span><\/p>\n<p>[\/vc_column_text][vc_single_image image=&#8221;6360&#8243; img_size=&#8221;full&#8221; alignment=&#8221;right&#8221; style=&#8221;vc_box_rounded&#8221; onclick=&#8221;custom_link&#8221; css_animation=&#8221;left-to-right&#8221; link=&#8221;\/de\/dolcedo\/&#8221;][\/vc_column][vc_column width=&#8221;1\/4&#8243;][vc_separator color=&#8221;custom&#8221; border_width=&#8221;2&#8243; accent_color=&#8221;#ee3383&#8243;][vc_column_text]<\/p>\n<h1>TAVOLE<\/h1>\n<p>[\/vc_column_text][vc_separator color=&#8221;custom&#8221; border_width=&#8221;2&#8243; accent_color=&#8221;#ee3383&#8243;][vc_single_image image=&#8221;7471&#8243; img_size=&#8221;full&#8221; alignment=&#8221;center&#8221; style=&#8221;vc_box_rounded&#8221; onclick=&#8221;custom_link&#8221; css_animation=&#8221;appear&#8221; link=&#8221;\/de\/tavole\/&#8221;][vc_column_text]<\/p>\n<p style=\"text-align: justify;\"><strong>Tavole<\/strong> liegt auf <strong>430 m<\/strong> \u00fcber dem Meeresspiegel. Das <strong>Bergdorf<\/strong> ist in drei Ortsteile unterteilt, <strong>Novelli, Revelli und Villa<\/strong>, der Hauptort, in dem sich die <strong>sch\u00f6ne Kirche\u00a0 San Carlo<\/strong> befindet.<\/p>\n<p>[\/vc_column_text][vc_single_image image=&#8221;6360&#8243; img_size=&#8221;full&#8221; alignment=&#8221;right&#8221; style=&#8221;vc_box_rounded&#8221; onclick=&#8221;custom_link&#8221; css_animation=&#8221;left-to-right&#8221; link=&#8221;\/de\/tavole\/&#8221;][\/vc_column][vc_column width=&#8221;1\/4&#8243;][vc_separator color=&#8221;custom&#8221; border_width=&#8221;2&#8243; accent_color=&#8221;#ee3383&#8243;][vc_column_text]<\/p>\n<h1>MOLINI DE PREL\u00c1<\/h1>\n<p>[\/vc_column_text][vc_separator color=&#8221;custom&#8221; border_width=&#8221;2&#8243; accent_color=&#8221;#ee3383&#8243;][vc_single_image image=&#8221;7449&#8243; img_size=&#8221;full&#8221; alignment=&#8221;center&#8221; style=&#8221;vc_box_rounded&#8221; onclick=&#8221;custom_link&#8221; css_animation=&#8221;appear&#8221; link=&#8221;\/de\/molini-de-prela\/&#8221;][vc_column_text]<\/p>\n<p style=\"text-align: justify;\"><span lang=\"IT\"><strong>Prel\u00e0<\/strong> oder <strong>Molini di Prel\u00e0<\/strong> ist die <strong>Hauptort<\/strong> des <strong>Prinotals<\/strong> und der Sitz der Gemeinde. Das Dorf liegt im Talboden entlang des <strong>Prino-Baches<\/strong>, ideal f\u00fcr den Bau der ber\u00fchmten <strong>\u00d6lm\u00fchlen<\/strong> zum Mahlen von Oliven.<br \/>\n<\/span><\/p>\n<p>[\/vc_column_text][vc_single_image image=&#8221;6360&#8243; img_size=&#8221;full&#8221; alignment=&#8221;right&#8221; style=&#8221;vc_box_rounded&#8221; onclick=&#8221;custom_link&#8221; css_animation=&#8221;left-to-right&#8221; link=&#8221;\/de\/molini-de-prela\/&#8221;][\/vc_column][\/vc_row][vc_row][vc_column width=&#8221;1\/4&#8243;][vc_separator color=&#8221;custom&#8221; border_width=&#8221;2&#8243; accent_color=&#8221;#ee3383&#8243;][vc_column_text]<\/p>\n<h1>PANTASINA<\/h1>\n<p>[\/vc_column_text][vc_separator color=&#8221;custom&#8221; border_width=&#8221;2&#8243; accent_color=&#8221;#ee3383&#8243;][vc_single_image image=&#8221;7945&#8243; img_size=&#8221;full&#8221; alignment=&#8221;center&#8221; style=&#8221;vc_box_rounded&#8221; onclick=&#8221;custom_link&#8221; css_animation=&#8221;appear&#8221; link=&#8221;\/de\/pantasina\/&#8221;][vc_column_text]<\/p>\n<p style=\"text-align: justify;\"><span lang=\"IT\"><strong>Pantasina<\/strong> liegt im <strong>oberen Prino-Tal auf 430 m<\/strong> \u00fcber dem Meeresspiegel. Der Orf genie\u00dft eine <strong>wundersch\u00f6ne Lage<\/strong> mit <strong>herrlichem Blick \u00fcber das Tal<\/strong> bis zum <strong>Meer<\/strong>.<br \/>\n<\/span><\/p>\n<p>[\/vc_column_text][vc_single_image image=&#8221;6360&#8243; img_size=&#8221;full&#8221; alignment=&#8221;right&#8221; style=&#8221;vc_box_rounded&#8221; onclick=&#8221;custom_link&#8221; css_animation=&#8221;left-to-right&#8221; link=&#8221;\/de\/pantasina\/&#8221;][\/vc_column][vc_column width=&#8221;1\/4&#8243;][vc_separator color=&#8221;custom&#8221; border_width=&#8221;2&#8243; accent_color=&#8221;#ee3383&#8243;][vc_column_text]<\/p>\n<h1>VASIA<\/h1>\n<p>[\/vc_column_text][vc_separator color=&#8221;custom&#8221; border_width=&#8221;2&#8243; accent_color=&#8221;#ee3383&#8243;][vc_single_image image=&#8221;8027&#8243; img_size=&#8221;full&#8221; alignment=&#8221;center&#8221; style=&#8221;vc_box_rounded&#8221; onclick=&#8221;custom_link&#8221; css_animation=&#8221;appear&#8221; link=&#8221;\/de\/vasia\/&#8221;][vc_column_text]<\/p>\n<p style=\"text-align: justify;\"><span lang=\"IT\"><strong>Vasia<\/strong> ist eine der Gemeinden in den H\u00fcgeln des <strong>Prino-Tals<\/strong> und liegt etwa <strong>330 m<\/strong> \u00fcber dem Meeresspiegel. Der kleine, nette Ort <strong>Vasia<\/strong> hat ein <strong>Lebensmittelgesch\u00e4ft<\/strong> und eine <strong>Trattoria<\/strong>, ideal f\u00fcr <strong>Biker<\/strong> zum <strong>Zwischenstopp<\/strong> f\u00fcr eine <strong>Bier<\/strong> und ein paar <strong>Snacks<\/strong>.<br \/>\n<\/span><\/p>\n<p>[\/vc_column_text][vc_single_image image=&#8221;6360&#8243; img_size=&#8221;full&#8221; alignment=&#8221;right&#8221; style=&#8221;vc_box_rounded&#8221; onclick=&#8221;custom_link&#8221; css_animation=&#8221;left-to-right&#8221; link=&#8221;\/de\/vasia&#8221;][\/vc_column][vc_column width=&#8221;1\/4&#8243;][\/vc_column][vc_column width=&#8221;1\/4&#8243;][\/vc_column][\/vc_row][vc_row][vc_column][vc_separator color=&#8221;custom&#8221; border_width=&#8221;2&#8243; accent_color=&#8221;#ee3383&#8243;][\/vc_column][\/vc_row]<\/p>\n","protected":false},"excerpt":{"rendered":"<p>[vc_row][vc_column][vc_separator color=&#8221;custom&#8221; border_width=&#8221;2&#8243; accent_color=&#8221;#ee3383&#8243;][vc_column_text] ORTE UND D\u00d6RFER [\/vc_column_text][vc_separator color=&#8221;custom&#8221; border_width=&#8221;2&#8243; accent_color=&#8221;#ee3383&#8243;][vc_single_image image=&#8221;6863&#8243; img_size=&#8221;full&#8221; alignment=&#8221;center&#8221; style=&#8221;vc_box_rounded&#8221; css_animation=&#8221;appear&#8221;][\/vc_column][\/vc_row][vc_row][vc_column width=&#8221;1\/4&#8243;][vc_separator color=&#8221;custom&#8221; border_width=&#8221;2&#8243; accent_color=&#8221;#ee3383&#8243;][vc_column_text] VALLORIA [\/vc_column_text][vc_separator color=&#8221;custom&#8221; border_width=&#8221;2&#8243; accent_color=&#8221;#ee3383&#8243;][vc_single_image image=&#8221;6831&#8243; img_size=&#8221;full&#8221; alignment=&#8221;center&#8221; style=&#8221;vc_box_rounded&#8221; onclick=&#8221;custom_link&#8221; css_animation=&#8221;appear&#8221; link=&#8221;\/de\/valloria\/&#8221;][vc_column_text] Auf dem zentralen Dorfplatz von Valloria befindet sich eine sympathische, familiengef\u00fchrte Trattoria, die auch als Bar dient. Hier k\u00f6nnen sie zu fairen Preisen &hellip; <\/p>\n<p class=\"link-more\"><a href=\"https:\/\/liguria-e-bike.com\/de\/posti-e-paesi-frontpage\/\" class=\"more-link\"><span class=\"screen-reader-text\">\u201ePosti e paesi frontpage DE\u201c<\/span> weiterlesen<\/a><\/p>\n","protected":false},"author":1,"featured_media":6842,"parent":0,"menu_order":0,"comment_status":"closed","ping_status":"closed","template":"","meta":{"footnotes":""},"class_list":["post-6790","page","type-page","status-publish","has-post-thumbnail","hentry"],"_links":{"self":[{"href":"https:\/\/liguria-e-bike.com\/de\/wp-json\/wp\/v2\/pages\/6790","targetHints":{"allow":["GET"]}}],"collection":[{"href":"https:\/\/liguria-e-bike.com\/de\/wp-json\/wp\/v2\/pages"}],"about":[{"href":"https:\/\/liguria-e-bike.com\/de\/wp-json\/wp\/v2\/types\/page"}],"author":[{"embeddable":true,"href":"https:\/\/liguria-e-bike.com\/de\/wp-json\/wp\/v2\/users\/1"}],"replies":[{"embeddable":true,"href":"https:\/\/liguria-e-bike.com\/de\/wp-json\/wp\/v2\/comments?post=6790"}],"version-history":[{"count":54,"href":"https:\/\/liguria-e-bike.com\/de\/wp-json\/wp\/v2\/pages\/6790\/revisions"}],"predecessor-version":[{"id":8810,"href":"https:\/\/liguria-e-bike.com\/de\/wp-json\/wp\/v2\/pages\/6790\/revisions\/8810"}],"wp:featuredmedia":[{"embeddable":true,"href":"https:\/\/liguria-e-bike.com\/de\/wp-json\/wp\/v2\/media\/6842"}],"wp:attachment":[{"href":"https:\/\/liguria-e-bike.com\/de\/wp-json\/wp\/v2\/media?parent=6790"}],"curies":[{"name":"wp","href":"https:\/\/api.w.org\/{rel}","templated":true}]}}

<p>[vc_row][vc_column][vc_separator color=&#8221;custom&#8221; border_width=&#8221;2&#8243; accent_color=&#8221;#ee3383&#8243;][vc_column_text]</p>
<h1>ORTE UND DÖRFER</h1>
<p>[/vc_column_text][vc_separator color=&#8221;custom&#8221; border_width=&#8221;2&#8243; accent_color=&#8221;#ee3383&#8243;][vc_single_image image=&#8221;6863&#8243; img_size=&#8221;full&#8221; alignment=&#8221;center&#8221; style=&#8221;vc_box_rounded&#8221; css_animation=&#8221;appear&#8221;][/vc_column][/vc_row][vc_row][vc_column width=&#8221;1/4&#8243;][vc_separator color=&#8221;custom&#8221; border_width=&#8221;2&#8243; accent_color=&#8221;#ee3383&#8243;][vc_column_text]</p>
<h1>VALLORIA</h1>
<p>[/vc_column_text][vc_separator color=&#8221;custom&#8221; border_width=&#8221;2&#8243; accent_color=&#8221;#ee3383&#8243;][vc_single_image image=&#8221;6831&#8243; img_size=&#8221;full&#8221; alignment=&#8221;center&#8221; style=&#8221;vc_box_rounded&#8221; onclick=&#8221;custom_link&#8221; css_animation=&#8221;appear&#8221; link=&#8221;/de/valloria/&#8221;][vc_column_text]</p>
<p style="text-align: justify;"><span lang="IT">Auf dem zentralen <strong>Dorfplatz von Valloria</strong> befindet sich eine <strong>sympathische, familiengeführte Trattoria</strong>, die auch als <strong>Bar</strong> dient. Hier können sie zu <strong>fairen Preisen</strong> ausgezeichnete, <strong>typische Gerichte</strong> und <strong>spezielle Menüs</strong> für <strong>Mountainbiker</strong> probieren.<br />
</span></p>
<p>[/vc_column_text][vc_single_image image=&#8221;6360&#8243; img_size=&#8221;full&#8221; alignment=&#8221;right&#8221; style=&#8221;vc_box_rounded&#8221; onclick=&#8221;custom_link&#8221; css_animation=&#8221;left-to-right&#8221; link=&#8221;/de/valloria/&#8221;][/vc_column][vc_column width=&#8221;1/4&#8243;][vc_separator color=&#8221;custom&#8221; border_width=&#8221;2&#8243; accent_color=&#8221;#ee3383&#8243;][vc_column_text]</p>
<h1>DOLCEDO</h1>
<p>[/vc_column_text][vc_separator color=&#8221;custom&#8221; border_width=&#8221;2&#8243; accent_color=&#8221;#ee3383&#8243;][vc_single_image image=&#8221;6942&#8243; img_size=&#8221;full&#8221; alignment=&#8221;center&#8221; style=&#8221;vc_box_rounded&#8221; onclick=&#8221;custom_link&#8221; css_animation=&#8221;appear&#8221; link=&#8221;/de/dolcedo/&#8221;][vc_column_text]</p>
<p style="text-align: justify;"><span lang="IT"><strong>Dolcedo</strong> ist ein <strong>mittelalterliches Dorf</strong>, das aus acht Ortsteilen und verschiedenen, an den Hügeln des <strong>Prinotals</strong> verstreuten Weilern besteht. Der <strong>Hauptort “Piazza”</strong> füllt sich im Sommer mit quirligem Leben von Einheimischen und vielen internationalen Touristen, die ihren <strong>Urlaub in Ferienhäusern, Agriturismi und Bed &amp; Breakfast</strong> genießen.<br />
</span></p>
<p>[/vc_column_text][vc_single_image image=&#8221;6360&#8243; img_size=&#8221;full&#8221; alignment=&#8221;right&#8221; style=&#8221;vc_box_rounded&#8221; onclick=&#8221;custom_link&#8221; css_animation=&#8221;left-to-right&#8221; link=&#8221;/de/dolcedo/&#8221;][/vc_column][vc_column width=&#8221;1/4&#8243;][vc_separator color=&#8221;custom&#8221; border_width=&#8221;2&#8243; accent_color=&#8221;#ee3383&#8243;][vc_column_text]</p>
<h1>TAVOLE</h1>
<p>[/vc_column_text][vc_separator color=&#8221;custom&#8221; border_width=&#8221;2&#8243; accent_color=&#8221;#ee3383&#8243;][vc_single_image image=&#8221;7471&#8243; img_size=&#8221;full&#8221; alignment=&#8221;center&#8221; style=&#8221;vc_box_rounded&#8221; onclick=&#8221;custom_link&#8221; css_animation=&#8221;appear&#8221; link=&#8221;/de/tavole/&#8221;][vc_column_text]</p>
<p style="text-align: justify;"><strong>Tavole</strong> liegt auf <strong>430 m</strong> über dem Meeresspiegel. Das <strong>Bergdorf</strong> ist in drei Ortsteile unterteilt, <strong>Novelli, Revelli und Villa</strong>, der Hauptort, in dem sich die <strong>schöne Kirche  San Carlo</strong> befindet.</p>
<p>[/vc_column_text][vc_single_image image=&#8221;6360&#8243; img_size=&#8221;full&#8221; alignment=&#8221;right&#8221; style=&#8221;vc_box_rounded&#8221; onclick=&#8221;custom_link&#8221; css_animation=&#8221;left-to-right&#8221; link=&#8221;/de/tavole/&#8221;][/vc_column][vc_column width=&#8221;1/4&#8243;][vc_separator color=&#8221;custom&#8221; border_width=&#8221;2&#8243; accent_color=&#8221;#ee3383&#8243;][vc_column_text]</p>
<h1>MOLINI DE PRELÁ</h1>
<p>[/vc_column_text][vc_separator color=&#8221;custom&#8221; border_width=&#8221;2&#8243; accent_color=&#8221;#ee3383&#8243;][vc_single_image image=&#8221;7449&#8243; img_size=&#8221;full&#8221; alignment=&#8221;center&#8221; style=&#8221;vc_box_rounded&#8221; onclick=&#8221;custom_link&#8221; css_animation=&#8221;appear&#8221; link=&#8221;/de/molini-de-prela/&#8221;][vc_column_text]</p>
<p style="text-align: justify;"><span lang="IT"><strong>Prelà</strong> oder <strong>Molini di Prelà</strong> ist die <strong>Hauptort</strong> des <strong>Prinotals</strong> und der Sitz der Gemeinde. Das Dorf liegt im Talboden entlang des <strong>Prino-Baches</strong>, ideal für den Bau der berühmten <strong>Ölmühlen</strong> zum Mahlen von Oliven.<br />
</span></p>
<p>[/vc_column_text][vc_single_image image=&#8221;6360&#8243; img_size=&#8221;full&#8221; alignment=&#8221;right&#8221; style=&#8221;vc_box_rounded&#8221; onclick=&#8221;custom_link&#8221; css_animation=&#8221;left-to-right&#8221; link=&#8221;/de/molini-de-prela/&#8221;][/vc_column][/vc_row][vc_row][vc_column width=&#8221;1/4&#8243;][vc_separator color=&#8221;custom&#8221; border_width=&#8221;2&#8243; accent_color=&#8221;#ee3383&#8243;][vc_column_text]</p>
<h1>PANTASINA</h1>
<p>[/vc_column_text][vc_separator color=&#8221;custom&#8221; border_width=&#8221;2&#8243; accent_color=&#8221;#ee3383&#8243;][vc_single_image image=&#8221;7945&#8243; img_size=&#8221;full&#8221; alignment=&#8221;center&#8221; style=&#8221;vc_box_rounded&#8221; onclick=&#8221;custom_link&#8221; css_animation=&#8221;appear&#8221; link=&#8221;/de/pantasina/&#8221;][vc_column_text]</p>
<p style="text-align: justify;"><span lang="IT"><strong>Pantasina</strong> liegt im <strong>oberen Prino-Tal auf 430 m</strong> über dem Meeresspiegel. Der Orf genießt eine <strong>wunderschöne Lage</strong> mit <strong>herrlichem Blick über das Tal</strong> bis zum <strong>Meer</strong>.<br />
</span></p>
<p>[/vc_column_text][vc_single_image image=&#8221;6360&#8243; img_size=&#8221;full&#8221; alignment=&#8221;right&#8221; style=&#8221;vc_box_rounded&#8221; onclick=&#8221;custom_link&#8221; css_animation=&#8221;left-to-right&#8221; link=&#8221;/de/pantasina/&#8221;][/vc_column][vc_column width=&#8221;1/4&#8243;][vc_separator color=&#8221;custom&#8221; border_width=&#8221;2&#8243; accent_color=&#8221;#ee3383&#8243;][vc_column_text]</p>
<h1>VASIA</h1>
<p>[/vc_column_text][vc_separator color=&#8221;custom&#8221; border_width=&#8221;2&#8243; accent_color=&#8221;#ee3383&#8243;][vc_single_image image=&#8221;8027&#8243; img_size=&#8221;full&#8221; alignment=&#8221;center&#8221; style=&#8221;vc_box_rounded&#8221; onclick=&#8221;custom_link&#8221; css_animation=&#8221;appear&#8221; link=&#8221;/de/vasia/&#8221;][vc_column_text]</p>
<p style="text-align: justify;"><span lang="IT"><strong>Vasia</strong> ist eine der Gemeinden in den Hügeln des <strong>Prino-Tals</strong> und liegt etwa <strong>330 m</strong> über dem Meeresspiegel. Der kleine, nette Ort <strong>Vasia</strong> hat ein <strong>Lebensmittelgeschäft</strong> und eine <strong>Trattoria</strong>, ideal für <strong>Biker</strong> zum <strong>Zwischenstopp</strong> für eine <strong>Bier</strong> und ein paar <strong>Snacks</strong>.<br />
</span></p>
<p>[/vc_column_text][vc_single_image image=&#8221;6360&#8243; img_size=&#8221;full&#8221; alignment=&#8221;right&#8221; style=&#8221;vc_box_rounded&#8221; onclick=&#8221;custom_link&#8221; css_animation=&#8221;left-to-right&#8221; link=&#8221;/de/vasia&#8221;][/vc_column][vc_column width=&#8221;1/4&#8243;][/vc_column][vc_column width=&#8221;1/4&#8243;][/vc_column][/vc_row][vc_row][vc_column][vc_separator color=&#8221;custom&#8221; border_width=&#8221;2&#8243; accent_color=&#8221;#ee3383&#8243;][/vc_column][/vc_row]</p>

<p>[vc_row][vc_column][vc_separator color=&#8221;custom&#8221; border_width=&#8221;2&#8243; accent_color=&#8221;#ee3383&#8243;][vc_column_text] ORTE UND DÖRFER [/vc_column_text][vc_separator color=&#8221;custom&#8221; border_width=&#8221;2&#8243; accent_color=&#8221;#ee3383&#8243;][vc_single_image image=&#8221;6863&#8243; img_size=&#8221;full&#8221; alignment=&#8221;center&#8221; style=&#8221;vc_box_rounded&#8221; css_animation=&#8221;appear&#8221;][/vc_column][/vc_row][vc_row][vc_column width=&#8221;1/4&#8243;][vc_separator color=&#8221;custom&#8221; border_width=&#8221;2&#8243; accent_color=&#8221;#ee3383&#8243;][vc_column_text] VALLORIA [/vc_column_text][vc_separator color=&#8221;custom&#8221; border_width=&#8221;2&#8243; accent_color=&#8221;#ee3383&#8243;][vc_single_image image=&#8221;6831&#8243; img_size=&#8221;full&#8221; alignment=&#8221;center&#8221; style=&#8221;vc_box_rounded&#8221; onclick=&#8221;custom_link&#8221; css_animation=&#8221;appear&#8221; link=&#8221;/de/valloria/&#8221;][vc_column_text] Auf dem zentralen Dorfplatz von Valloria befindet sich eine sympathische, familiengeführte Trattoria, die auch als Bar dient. Hier können sie zu fairen Preisen &hellip; </p>
<p class="link-more"><a href="https://liguria-e-bike.com/de/posti-e-paesi-frontpage/" class="more-link"><span class="screen-reader-text">„Posti e paesi frontpage DE“</span> weiterlesen</a></p>
